{"id":3897,"date":"2018-04-24T14:29:07","date_gmt":"2018-04-24T14:29:07","guid":{"rendered":"http:\/\/meanwhile.hu\/?page_id=3897"},"modified":"2018-04-24T15:56:15","modified_gmt":"2018-04-24T15:56:15","slug":"rental","status":"publish","type":"page","link":"http:\/\/meanwhile.hu\/?page_id=3897","title":{"rendered":"Install\u00e1ci\u00f3 b\u00e9rl\u00e9s"},"content":{"rendered":"<p>[vc_row][vc_column reveal_effect=&#8221;fadeIn&#8221; reveal_duration=&#8221;0.7&#8243;][lab_heading title=&#8221;Install\u00e1ci\u00f3 \u00e9s technika b\u00e9rleti lehet\u0151s\u00e9gek&#8221;]<br \/>\nA st\u00fadi\u00f3nk \u00e1ltal fejlesztett legkedveltebb interakt\u00edv install\u00e1ci\u00f3k, k\u00f6z\u00f6ss\u00e9gi aktivit\u00e1sok \u00e9s l\u00e1tv\u00e1nyelemek k\u00f6z\u00fcl igen sok, m\u00e1r \u00f6nmag\u00e1ban is izgalmas \u00e9lm\u00e9nyeket rejt. Ez\u00e9rt \u00fagy d\u00f6nt\u00f6tt\u00fcnk, hogy kedvenceinknek elk\u00e9sz\u00edtj\u00fck a &#8220;stand alone&#8221; rendezv\u00e9nyhelysz\u00ednen fel\u00e1ll\u00edthat\u00f3 verzi\u00f3j\u00e1t. Ebben a men\u00fcpontban\u00a0 \u00edgy a studi\u00f3nkt\u00f3l b\u00e9relhet\u0151 install\u00e1ci\u00f3k \u00e9s technol\u00f3gi\u00e1k tal\u00e1lhat\u00f3ak.[\/lab_heading][\/vc_column][\/vc_row][vc_row css=&#8221;.vc_custom_1426246378123{margin-bottom: 0px !important;}&#8221;][vc_column width=&#8221;1\/2&#8243; reveal_effect=&#8221;fadeIn&#8221; reveal_duration=&#8221;1&#8243; css=&#8221;.vc_custom_1427234139084{margin-right: 0px !important;padding-right: 0px !important;}&#8221;][vc_single_image image=&#8221;3685&#8243; img_size=&#8221;large&#8221;][\/vc_column][vc_column width=&#8221;1\/2&#8243; reveal_effect=&#8221;fadeIn&#8221; reveal_duration=&#8221;1&#8243;][lab_service_box css=&#8221;.vc_custom_1427234469550{padding-top: 45px !important;padding-right: 45px !important;padding-bottom: 45px !important;padding-left: 45px !important;}&#8221;][lab_service_box_content title=&#8221;Wood FX &#8221; description=&#8221;A publikus VJ \u00e1llom\u00e1s a legkedveltebb install\u00e1ci\u00f3nk, mely egy csal\u00e1di napon, fesztiv\u00e1lon vagy ak\u00e1r egy technobuli k\u00f6zep\u00e9n is vonzza az \u00e9rdekl\u0151d\u0151ket. Tetsz\u0151leges m\u00e9diatartalmakkal vagy ak\u00e1r saj\u00e1t k\u00e9sz\u00edt\u00e9s\u0171 anal\u00f3g loopokkal lehet kipr\u00f3b\u00e1lni milyen val\u00f3s id\u0151ben manipul\u00e1lni egy vide\u00f3folyamot vagy zen\u00e9hez kapcsol\u00f3d\u00f3 absztrakt k\u00e9peket l\u00e9trehozni. Eddig ak\u00e1rhol \u00e1ll\u00edtottuk fel, mindig sorban\u00e1ll\u00e1s alakult ki el\u0151tte.&#8221;][\/lab_service_box][\/vc_column][\/vc_row][vc_row css=&#8221;.vc_custom_1426246383421{margin-bottom: 0px !important;}&#8221;][vc_column width=&#8221;1\/2&#8243; reveal_effect=&#8221;fadeIn&#8221; reveal_duration=&#8221;1&#8243;][lab_service_box css=&#8221;.vc_custom_1427234476895{padding-top: 45px !important;padding-right: 45px !important;padding-bottom: 45px !important;padding-left: 45px !important;}&#8221;][lab_service_box_content title=&#8221;Linea Modular &#8211; video rudacsk\u00e1k&#8221; description=&#8221;Op\u00e1los, gradiens f\u00e9nyj\u00e1t\u00e9kot eredm\u00e9nyez\u00e9 pixelvez\u00e9relt l\u00e1tv\u00e1nyelem, amely ak\u00e1r \u00f6nmag\u00e1ban ak\u00e1r vet\u00edtett k\u00e9p kieg\u00e9sz\u00edt\u00e9sek\u00e9nt eg\u00e9szen leny\u0171g\u00f6z\u0151 l\u00e1tv\u00e1nyt ny\u00fajt. Modul\u00e1ris kialak\u00edt\u00e1sa miatt b\u00e1rmilyen t\u00e9ri szitu\u00e1ci\u00f3ba egyszer\u00faen telep\u00edthet\u0151 \u00e9s a videorudak seg\u00edts\u00e9g\u00e9vel a f\u00e9ny v\u00e9gig tudja j\u00e1rni a teret zene vagy egy\u00e9bb interakci\u00f3 hat\u00e1s\u00e1ra.\u00a0 &#8220;][\/lab_service_box][\/vc_column][vc_column width=&#8221;1\/2&#8243; css=&#8221;.vc_custom_1426247174860{margin-left: -15px !important;padding-left: 0px !important;}&#8221; reveal_effect=&#8221;fadeIn&#8221; reveal_duration=&#8221;1&#8243;][vc_single_image image=&#8221;3855&#8243; img_size=&#8221;full&#8221;][\/vc_column][\/vc_row][vc_row css=&#8221;.vc_custom_1426246390316{margin-bottom: 0px !important;}&#8221;][vc_column width=&#8221;1\/2&#8243; reveal_effect=&#8221;fadeIn&#8221; reveal_duration=&#8221;1&#8243;][vc_single_image image=&#8221;3655&#8243; img_size=&#8221;large&#8221;][\/vc_column][vc_column width=&#8221;1\/2&#8243; reveal_effect=&#8221;fadeIn&#8221; reveal_duration=&#8221;1&#8243;][lab_service_box css=&#8221;.vc_custom_1427234491823{padding-top: 45px !important;padding-right: 45px !important;padding-bottom: 45px !important;padding-left: 45px !important;}&#8221;][lab_service_box_content title=&#8221;Laser Mapping &#8211; tetsz\u0151leges t\u00e9rform\u00e1ra&#8221; description=&#8221;Saj\u00e1t fejleszt\u00e9s\u0171 generat\u00edv mapping technol\u00f3gi\u00e1nkkal, szeretn\u00e9nk b\u00facs\u00fat inteni a megszokott legyez\u0151 \u00e9s alag\u00fat effekteknek \u00e9s megmutatni milyen potenci\u00e1lis rejlik egy l\u00e9zervet\u00edt\u0151ben. Az \u00e9jszakai \u00e9letben ugyanolyan megkap\u00f3 tud lenni az \u00fajdons\u00e1ga, mint egy klasszikusabb rendezv\u00e9ny kieg\u00e9sz\u00edt\u00e9sek\u00e9nt.<br \/>\n&#8220;][\/lab_service_box][\/vc_column][\/vc_row]<\/p>\n","protected":false},"excerpt":{"rendered":"<p>[vc_row][vc_column reveal_effect=&#8221;fadeIn&#8221; reveal_duration=&#8221;0.7&#8243;][lab_heading title=&#8221;Install\u00e1ci\u00f3 \u00e9s technika b\u00e9rleti lehet\u0151s\u00e9gek&#8221;] A st\u00fadi\u00f3nk \u00e1ltal fejlesztett legkedveltebb interakt\u00edv install\u00e1ci\u00f3k, k\u00f6z\u00f6ss\u00e9gi aktivit\u00e1sok \u00e9s l\u00e1tv\u00e1nyelemek k\u00f6z\u00fcl igen sok, m\u00e1r \u00f6nmag\u00e1ban is izgalmas \u00e9lm\u00e9nyeket rejt. Ez\u00e9rt \u00fagy d\u00f6nt\u00f6tt\u00fcnk, hogy kedvenceinknek elk\u00e9sz\u00edtj\u00fck a &#8220;stand alone&#8221; rendezv\u00e9nyhelysz\u00ednen fel\u00e1ll\u00edthat\u00f3 verzi\u00f3j\u00e1t. Ebben a men\u00fcpontban\u00a0 \u00edgy a studi\u00f3nkt\u00f3l b\u00e9relhet\u0151 install\u00e1ci\u00f3k \u00e9s technol\u00f3gi\u00e1k tal\u00e1lhat\u00f3ak.[\/lab_heading][\/vc_column][\/vc_row][vc_row css=&#8221;.vc_custom_1426246378123{margin-bottom: 0px !important;}&#8221;][vc_column width=&#8221;1\/2&#8243;&hellip;<\/p>\n","protected":false},"author":1,"featured_media":0,"parent":0,"menu_order":0,"comment_status":"closed","ping_status":"closed","template":"","meta":[],"acf":[],"_links":{"self":[{"href":"http:\/\/meanwhile.hu\/index.php?rest_route=\/wp\/v2\/pages\/3897"}],"collection":[{"href":"http:\/\/meanwhile.hu\/index.php?rest_route=\/wp\/v2\/pages"}],"about":[{"href":"http:\/\/meanwhile.hu\/index.php?rest_route=\/wp\/v2\/types\/page"}],"author":[{"embeddable":true,"href":"http:\/\/meanwhile.hu\/index.php?rest_route=\/wp\/v2\/users\/1"}],"replies":[{"embeddable":true,"href":"http:\/\/meanwhile.hu\/index.php?rest_route=%2Fwp%2Fv2%2Fcomments&post=3897"}],"version-history":[{"count":6,"href":"http:\/\/meanwhile.hu\/index.php?rest_route=\/wp\/v2\/pages\/3897\/revisions"}],"predecessor-version":[{"id":3906,"href":"http:\/\/meanwhile.hu\/index.php?rest_route=\/wp\/v2\/pages\/3897\/revisions\/3906"}],"wp:attachment":[{"href":"http:\/\/meanwhile.hu\/index.php?rest_route=%2Fwp%2Fv2%2Fmedia&parent=3897"}],"curies":[{"name":"wp","href":"https:\/\/api.w.org\/{rel}","templated":true}]}}