{"id":2154,"date":"2015-03-12T14:38:59","date_gmt":"2015-03-12T14:38:59","guid":{"rendered":"http:\/\/demo-content.kaliumtheme.com\/agency\/?page_id=2154"},"modified":"2021-12-15T12:30:21","modified_gmt":"2021-12-15T12:30:21","slug":"about","status":"publish","type":"page","link":"http:\/\/meanwhile.hu\/?page_id=2154","title":{"rendered":"About Us"},"content":{"rendered":"<p>[vc_row][vc_column][lab_heading title=&#8221;R\u00f3lunk&#8221;]A meanwhile st\u00fadi\u00f3 legf\u0151bb c\u00e9lja napjaink technol\u00f3gi\u00e1inak kreat\u00edvipari hasznos\u00edt\u00e1sa. \u00cdgy akci\u00f3ter\u00fclet\u00fcnk legink\u00e1bb a k\u00fcl\u00f6nleges \u00e9lm\u00e9nyeket rejt\u0151 t\u00e1rgyak \u00e9s install\u00e1ci\u00f3k vil\u00e1ga. Az a vil\u00e1g, ami a design, a k\u00e9pz\u0151m\u0171v\u00e9szet \u00e9s a m\u00e9rn\u00f6ki tudom\u00e1nyok hat\u00e1rter\u00fcleteib\u0151l \u00e9s metsz\u00e9spontjaib\u00f3l \u00e9p\u00edtkezik .<\/p>\n<p>F\u0151 f\u00f3kuszunk az ig\u00e9nyspecifikus, saj\u00e1tos probl\u00e9m\u00e1k megold\u00e1sa, megtal\u00e1lva az egyens\u00falyt praktikum \u00e9s eszt\u00e9tika k\u00f6z\u00f6tt. Ebb\u0151l ad\u00f3d\u00f3an t\u00f6bb \u00e9vnyi tapasztalattal rendelkez\u00fcnk f\u00e9ny-, hang-, \u00e9s interakt\u00edv technik\u00e1k, illetve ezek b\u00e1rmilyen kombin\u00e1ci\u00f3j\u00e1nak tervez\u00e9s\u00e9ben \u00e9s be\u00e9p\u00edt\u00e9s\u00e9ben.<\/p>\n<p>Csisz\u00e1r M\u00e1ty\u00e1s kreat\u00edv vezet\u00e9se alatt a csapat n\u00e9ha v\u00e1ltozik, de van ami nem: &#8220;\u00dagy gondoljuk, hogy\u00a0 az optim\u00e1lis design az ami \u00fajszer\u0171, mik\u00f6zben j\u00f3l \u00e9rthet\u0151 \u00e9s er\u0151forr\u00e1shat\u00e9konyan megval\u00f3s\u00edthat\u00f3.&#8221;<br \/>\n[\/lab_heading][lab_team_members layout_type=&#8221;titles-inside&#8221; hover_style=&#8221;distanced&#8221; hover_bg=&#8221;#e2e2e2&#8243;][lab_team_members_member image=&#8221;3872&#8243; name=&#8221;Csisz\u00e1r M\u00e1ty\u00e1s&#8221; sub_title=&#8221;alap\u00edt\u00f3, strat\u00e9ga, kreat\u00edv technologista&#8221;][\/lab_team_members][\/vc_column][\/vc_row][vc_column][\/vc_column][vc_column_text]<\/p>\n<p>[\/vc_column_text]<\/p>\n","protected":false},"excerpt":{"rendered":"<p>[vc_row][vc_column][lab_heading title=&#8221;R\u00f3lunk&#8221;]A meanwhile st\u00fadi\u00f3 legf\u0151bb c\u00e9lja napjaink technol\u00f3gi\u00e1inak kreat\u00edvipari hasznos\u00edt\u00e1sa. \u00cdgy akci\u00f3ter\u00fclet\u00fcnk legink\u00e1bb a k\u00fcl\u00f6nleges \u00e9lm\u00e9nyeket rejt\u0151 t\u00e1rgyak \u00e9s install\u00e1ci\u00f3k vil\u00e1ga. Az a vil\u00e1g, ami a design, a k\u00e9pz\u0151m\u0171v\u00e9szet \u00e9s a m\u00e9rn\u00f6ki tudom\u00e1nyok hat\u00e1rter\u00fcleteib\u0151l \u00e9s metsz\u00e9spontjaib\u00f3l \u00e9p\u00edtkezik . F\u0151 f\u00f3kuszunk az ig\u00e9nyspecifikus, saj\u00e1tos probl\u00e9m\u00e1k megold\u00e1sa, megtal\u00e1lva az egyens\u00falyt praktikum \u00e9s eszt\u00e9tika k\u00f6z\u00f6tt. Ebb\u0151l ad\u00f3d\u00f3an t\u00f6bb&hellip;<\/p>\n","protected":false},"author":1,"featured_media":0,"parent":0,"menu_order":0,"comment_status":"open","ping_status":"closed","template":"","meta":[],"acf":[],"_links":{"self":[{"href":"http:\/\/meanwhile.hu\/index.php?rest_route=\/wp\/v2\/pages\/2154"}],"collection":[{"href":"http:\/\/meanwhile.hu\/index.php?rest_route=\/wp\/v2\/pages"}],"about":[{"href":"http:\/\/meanwhile.hu\/index.php?rest_route=\/wp\/v2\/types\/page"}],"author":[{"embeddable":true,"href":"http:\/\/meanwhile.hu\/index.php?rest_route=\/wp\/v2\/users\/1"}],"replies":[{"embeddable":true,"href":"http:\/\/meanwhile.hu\/index.php?rest_route=%2Fwp%2Fv2%2Fcomments&post=2154"}],"version-history":[{"count":6,"href":"http:\/\/meanwhile.hu\/index.php?rest_route=\/wp\/v2\/pages\/2154\/revisions"}],"predecessor-version":[{"id":3992,"href":"http:\/\/meanwhile.hu\/index.php?rest_route=\/wp\/v2\/pages\/2154\/revisions\/3992"}],"wp:attachment":[{"href":"http:\/\/meanwhile.hu\/index.php?rest_route=%2Fwp%2Fv2%2Fmedia&parent=2154"}],"curies":[{"name":"wp","href":"https:\/\/api.w.org\/{rel}","templated":true}]}}